site number?
True
Suppose a = -4*a + 50. Let y(l) = -2*l**3 + 25*l**2 - 13*l + 11. Is y(a) prime?
False
Let b(i) = i**3 + 4*i**2 - i. Let n be b(-2). Let h = -5 + n. Suppose -h*w = -412 - 33. Is w a composite number?
False
Let t(z) = 13*z + 86. Is t(9) a prime number?
False
Let r = 19776 - 12653. Is r a prime number?
False
Let z(y) = 428*y + 1. Let n be z(4). Let d = n - -1282. Is d prime?
False
Let s = 7218 - 3727. Is s a composite number?
False
Suppose -b + 3*o - 361 = 0, -5*b + o - 1815 = -4*o. Suppose -l + 703 = -2*l + 2*v, -3*l = 3*v + 2073. Let u = b - l. Is u a prime number?
True
Let i = -4209 + 11662. Is i prime?
False
Let w(p) = 555*p**2 - 16*p + 77. Is w(4) prime?
True
Suppose 0 = 25*f - 77715 - 99860. Is f a prime number?
True
Suppose -b + 9895 = 5*h, -2*h - 13*b + 3958 = -15*b. Is h prime?
True
Let k = -3 - 7. Let v(w) = 4*w**2 + 2*w - 6. Let c be v(k). Let i = c + -169. Is i a prime number?
False
Suppose -995 - 3742 = -3*q. Is q composite?
False
Let n = 23320 - 8257. Is n a prime number?
False
Suppose -16699 = -8*u + 8509. Suppose -u - 146 = -7*y. Is y a composite number?
True
Let w(b) be the third derivative of -1/15*b**5 - 1/3*b**3 + 0 + 0*b - 1/8*b**4 - 4*b**2 - 1/120*b**6. Is w(-4) prime?
False
Let i be (996/(-9) - 2)*-18. Suppose -x - 3*x = 4*n - 1988, 0 = 4*n - 4*x - i. Is n a prime number?
False
Let y be ((-2)/6 + (-53053)/39)*-3. Let l = -2175 + y. Is l prime?
True
Let z(d) = -126*d**3 + 9*d**2 - 15*d - 29. Is z(-7) prime?
False
Let s = 2169 - 1263. Let q be (70/(-21))/((-4)/s). Suppose -n + 292 = n + 3*x, 5*n = 5*x + q. Is n composite?
False
Suppose 4*k = -44*f + 40*f + 1020, -3*f = k - 763. Is f composite?
True
Suppose -3*k + 4916 = -k. Let z = -5224 - -3475. Let h = z + k. Is h composite?
False
Suppose 0 = 2*k - 4*k - 8. Let y(d) = -d**3 - 4*d**2 - 3*d - 4. Let r be y(-4). Is (-2)/k + 1428/r prime?
True
Let z = 138 + 515. Let c be -4 + 8 + (z - 1). Suppose -3*d = -c - 835. Is d prime?
False
Suppose -5*d + 7*j + 102677 = 9*j, 4*j = -5*d + 102669. Is d prime?
False
Let d be (-2)/6*(33 - 0). Let k = d - -14. Suppose -k*z + 4*q + 645 = 0, 4*z - 173 = 5*q + 686. Is z prime?
True
Suppose -2*i + 0*a + 5*a - 11071 = 0, 3*a = -2*i - 11047. Is 15/75 + i/(-10) a prime number?
False
Suppose 0 = -4*k + p + 7, 16 - 4 = 5*k + 2*p. Suppose -3*a - k*r = r - 1014, -5 = -5*r. Is a a prime number?
True
Let k(c) = -154*c**3 + 2*c**2 - c. Let q be k(-2). Let f be (q/(-10))/(5/(-25)). Suppose -w - 5*b - 46 = -f, -2*w = -b - 1128. Is w a prime number?
False
Let f = -1 - 7. Let a(d) = d**2 + d - 7. Let z be a(f). Let l = 582 + z. Is l a prime number?
True
Let c = 77 + -68. Is c/(4 + -1)*(-2174)/(-6) a prime number?
True
Is ((-257905)/2)/(145/(-58)) prime?
True
Suppose 4*j = -4*c + 7*c - 64, -c + 19 = j. Is (-5755)/c*1*(-8)/2 prime?
True
Let o = 418 - 21. Is o a composite number?
False
Let x(u) = 14 - 7 + 3*u - 3*u**3 + 2*u**2 - 8*u**2 + 5*u**3. Is x(4) a composite number?
True
Let b = 36 + -34. Suppose 3*x + b = 101. Is x prime?
False
Let j = 853 - -1888. Is j prime?
True
Suppose -4*t = 4*n, n - t + 6*t = -16. Suppose -n*p - 267 + 1043 = 0. Suppose -5*h = -p - 101. Is h a composite number?
False
Let q = -1134 + 2353. Is q prime?
False
Suppose -2*h = 4*y - 17412, -h - h = -5*y - 17367. Suppose 0 = 5*l + 5*j - 10915, -4*l - 3*j = -8*j - h. Is l a composite number?
False
Suppose 0 = 4*w + 11 - 3. Let v(x) = -2*x - 2. Let b be v(w). Suppose -r + 0*r - g + 119 = 0, -r = -b*g - 116. Is r prime?
False
Let c(n) = 3*n. Let y = 3 - 2. Let z be c(y). Let s = z - -19. Is s a composite number?
True
Suppose 3*r = 451 + 551. Let q = r - 201. Is q a composite number?
True
Let d = -59 - -254. Suppose -3*v - y + 575 = -0*v, d = v + 2*y. Is v composite?
False
Suppose -5*z + 27668 = 2*o, 16597 = 3*z - 3*o + 8*o. Is z composite?
True
Let i(j) = 1490*j**2 - 13*j + 31. Is i(3) composite?
True
Let t be 55/15*(-3)/(-1). Let y be 10182/22 - (-2)/t. Let d = -276 + y. Is d a prime number?
False
Let h(d) = 39*d - 99. Is h(10) a composite number?
True
Let s(n) = 5*n**3 - 4*n**3 - 1 - 16*n**2 + 22*n + 8. Let t be s(15). Suppose -4*u = h - 5*h - 156, 0 = 3*u - 2*h - t. Is u composite?
True
Let h(p) = -50*p + 4. Let q(w) = 50*w - 4. Let v(g) = -3*h(g) - 4*q(g). Suppose 2*x = 4*f + 40, 2*f - 7*f = 4*x + 37. Is v(f) prime?
False
Let z = 60 - 55. Let b(s) = 9*s**3 - s**2 - 5*s + 12. Is b(z) prime?
True
Let h(x) = 2*x**2 + 2*x + 165. Let l be h(-19). Suppose -4*j + 1749 - 169 = 3*m, -5*m + j + 2595 = 0. Let k = l - m. Is k composite?
True
Let m = 9301 - 13573. Let x = 6133 + m. Is x prime?
True
Let b = -14042 - -22993. Is b a composite number?
False
Let p be (-6)/4 + (-63)/(-14). Suppose p*x = 4*x - 72. Let j = -23 + x. Is j a prime number?
False
Let y(k) be the first derivative of 562*k**3 + k**2/2 - 2*k - 10. Is y(1) a prime number?
False
Let y = -1 + 1. Let m(l) = l - 3. Let u be m(5). Suppose y*c + 446 = u*c. Is c a prime number?
True
Let g(l) be the first derivative of l**4/4 - 2*l**3/3 + l**2 - 3*l - 3. Let v be g(3). Suppose -b = -37 - v. Is b composite?
True
Let w(f) = -4 + f**2 - 2*f + 4*f**2 - 8*f. Let j be 15/(-18) + (-154)/(-12) + -3. Is w(j) a prime number?
True
Let o(k) = 6*k**2 - 15*k + 60. Is o(21) prime?
False
Suppose -5*n = 5*k - 20545, 0 = -4*k + 14*n + 19070 - 2634. Is k composite?
True
Suppose -4*g - 11 = 1. Let n(s) = 57*s**2 - 5*s - 7. Is n(g) a prime number?
True
Suppose -56*q = -34*q - 201806. Is q a prime number?
True
Let d = -10 - 62. Is (-7851)/(-27) - 16/d composite?
True
Suppose -5*r + 4*q - 5*q = -10208, 5*r - 10199 = 2*q. Is r a composite number?
True
Let a(u) = 534*u**3 - u**2 + 2*u - 7. Let k be a(3). Suppose 4*w = -4*w + k. Is w prime?
True
Suppose -3*n - 5*r = -2731, -4*n + 0*n - 4*r + 3652 = 0. Is n composite?
True
Let f be ((-2)/(-3))/((-20)/150). Let m be 54/15 - 2/f. Suppose m*j - j = 897. Is j composite?
True
Let m(y) = y**3 + 5*y**2 + y + 3. Let b be ((-1)/(-3) + -2)*3. Let v be m(b). Is (-66)/(-1 + v) + -3 a prime number?
True
Suppose 16 = -4*a + 5*p, -13 = -2*a - 3*p + 1. Is (557 - 16)*-2*a/(-2) a prime number?
True
Let q be (-6)/5*(-15)/9. Suppose 510 = 4*g - t, 0*g - 2*g + q*t = -258. Is g prime?
True
Suppose p - 4*w + 6*w = 12269, -4*w = -p + 12293. Is p a composite number?
False
Suppose -929645 - 176068 = -9*h. Is h a composite number?
True
Let t(f) be the third derivative of 7*f**5/60 + 3*f**4/8 + 7*f**3/6 + 2*f**2. Let z be t(-7). Let j = -200 + z. Is j a composite number?
True
Suppose 2*w = 6*w - 2*k - 20598, 2*k = -3*w + 15431. Is w composite?
False
Suppose 504 = 4*v - 8*v. Let f = 2680 + v. Is f a prime number?
False
Let f(a) = a**3 - 14*a**2 + 3. Let y be f(14). Suppose 112 = r - 3*z, 0*r - 326 = -y*r + 4*z. Suppose r = 2*j + 36. Is j prime?
False
Let o(r) = r**3 + 2*r + 245. Let n be o(0). Let g = 10 + -4. Suppose g*z = z + n. Is z prime?
False
Let v be ((-1116)/27)/((-2)/327). Let s = 9693 - v. Is s a composite number?
True
Is (-1861660)/(-60)*(-1 + 4) a composite number?
False
Let z be (-6188)/(-8) + 1/2. Suppose -3*r + 2*q - 1544 = -3*q, 0 = -r + 5*q - 498. Let d = r + z. Is d a composite number?
False
Let o = -26 + 32. Suppose 0 = -o*l + 493 + 359. Is l prime?
False
Let k = 110 - 105. Suppose 4*n = -2*i + 1746, 4*n + k*i - 2265 = -522. Is n prime?
False
Suppose 22*i + 18110 = 24*i. Suppose -3*u - 5*q = -5427, 5*u - q = -6*q + i. Is u a composite number?
True
Let x be ((-3)/(-2))/(-1*(-3)/10). Suppose -x*p + 2024 = 3*p. Is p a composite number?
True
Is ((306 - 0) + 1)/(1/11) prime?
False
Suppose 2*n + 25 = 7*n. Suppose -2*x + 74 = f - 227, -x + n = 0. Is f composite?
True
Let z be 4/(-26) - 1/(13/(-2)). Is (-5 - -8 - -852) + -4 + z prime?
False
Let z(f) = 24*f**3 - 3*f**2 + 4*f + 7. Is z(4) a prime number?
True
Suppose 866 = 20*q - 22*q. Let k = 788 + q. Is k a prime number?
False
Let c(l) = 30*l**3 + 7*l**2 - 8*l + 22. Is c(5) composite?
False
Suppose 3*r - 33002 - 21430 = -3*s, 5*s + r - 90740 = 0. Is s prime?
True
Let h(c) = -77*c + 7427. Is h(0) a prime number?
False
Let j = -30 + 10. Let w = -21 - j. Is w - 5/((-15)/501) composite?
True
Let t(d) = -9461*d + 432. Is t(-5) a composite number?
False
Let t(m) = m**3 + 7*m**2 + 4*m - 9. Let a be t(-6). Suppose -x + 27 = 5*y - 28, -y - 3 = a*x. Is 15 + 1 + y/4 composite